when 9989601 is divided by 83946?
27
What is the remainder when 269825 is divided by 380?
25
What is the remainder when 158635 is divided by 39116?
2171
Calculate the remainder when 11925898 is divided by 2981460.
58
What is the remainder when 92949102 is divided by 571?
9
What is the remainder when 4262301 is divided by 71034?
261
What is the remainder when 109619528 is divided by 133?
130
What is the remainder when 30660442 is divided by 2076?
2074
What is the remainder when 1300096563 is divided by 383?
382
Calculate the remainder when 6861983 is divided by 3430986.
11
Calculate the remainder when 74302 is divided by 186.
88
Calculate the remainder when 105025702 is divided by 339889.
1
What is the remainder when 181047 is divided by 15?
12
What is the remainder when 33816572 is divided by 2827?
2825
Calculate the remainder when 2461203 is divided by 483.
318
Calculate the remainder when 52754170 is divided by 90.
40
Calculate the remainder when 34119566 is divided by 218715.
26
What is the remainder when 6436212 is divided by 9?
6
What is the remainder when 2465959 is divided by 1709?
1581
Calculate the remainder when 7753192 is divided by 60101.
163
Calculate the remainder when 53622 is divided by 3466.
1632
What is the remainder when 10869513 is divided by 57?
12
Calculate the remainder when 30356681 is divided by 531.
473
Calculate the remainder when 175256787 is divided by 185.
182
Calculate the remainder when 70933830 is divided by 2311.
2307
Calculate the remainder when 4706360 is divided by 2365.
10
What is the remainder when 2831 is divided by 95?
76
Calculate the remainder when 1476013 is divided by 245954.
289
What is the remainder when 6583396 is divided by 14?
8
What is the remainder when 11551397 is divided by 56?
53
What is the remainder when 1909251 is divided by 146855?
136
Calculate the remainder when 3030607 is divided by 271.
14
Calculate the remainder when 35714172 is divided by 25.
22
Calculate the remainder when 322722 is divided by 32241.
312
What is the remainder when 47825557 is divided by 235?
2
Calculate the remainder when 4217094 is divided by 53.
43
What is the remainder when 833632 is divided by 118409?
4769
Calculate the remainder when 427933 is divided by 5098.
4799
Calculate the remainder when 306238 is divided by 1340.
718
Calculate the remainder when 1176614378 is divided by 9.
8
What is the remainder when 67445339 is divided by 12?
11
What is the remainder when 26986318 is divided by 859?
833
What is the remainder when 2479985 is divided by 2278?
1521
What is the remainder when 11610 is divided by 10735?
875
What is the remainder when 2331635 is divided by 2277?
2264
Calculate the remainder when 878968 is divided by 84.
76
What is the remainder when 66954 is divided by 33381?
192
What is the remainder when 67021470 is divided by 1732?
1730
Calculate the remainder when 70080888 is divided by 38.
34
What is the remainder when 183372 is divided by 804?
60
What is the remainder when 1428258 is divided by 14132?
926
Calculate the remainder when 23702663 is divided by 10474.
1
What is the remainder when 7566449 is divided by 1891604?
33
What is the remainder when 71924783 is divided by 58?
27
Calculate the remainder when 801627 is divided by 1209.
60
Calculate the remainder when 38735386 is divided by 3311.
3308
Calculate the remainder when 291412 is divided by 182.
30
What is the remainder when 486431 is divided by 36?
35
Calculate the remainder when 12945239 is divided by 770.
769
Calculate the remainder when 1742943 is divided by 1133.
389
What is the remainder when 3987282 is divided by 10250?
32
Calculate the remainder when 52964 is divided by 964.
908
Calculate the remainder when 71503 is divided by 20889.
8836
Calculate the remainder when 49401557 is divided by 47.
45
What is the remainder when 362378 is divided by 38?
10
What is the remainder when 1517023 is divided by 65?
53
What is the remainder when 83625 is divided by 527?
359
What is the remainder when 78004875 is divided by 380?
375
What is the remainder when 9554146 is divided by 616?
602
What is the remainder when 166665 is divided by 830?
665
Calculate the remainder when 1029041 is divided by 1922.
771
Calculate the remainder when 33592 is divided by 16398.
796
Calculate the remainder when 176538 is divided by 206.
202
Calculate the remainder when 19418983 is divided by 2774139.
10
What is the remainder when 1629463 is divided by 1629450?
13
Calculate the remainder when 16144782 is divided by 50.
32
Calculate the remainder when 337809424 is divided by 25.
24
What is the remainder when 31436 is divided by 2212?
468
What is the remainder when 4276067 is divided by 236?
219
What is the remainder when 7389554 is divided by 2463175?
29
Calculate the remainder when 98675855 is divided by 36.
35
What is the remainder when 2640208 is divided by 2640202?
6
What is the remainder when 1782455 is divided by 3363?
65
Calculate the remainder when 1517707 is divided by 703.
633
What is the remainder when 70853089 is divided by 2233?
2232
What is the remainder when 295097760 is divided by 442?
438
What is the remainder when 1802620 is divided by 769?
84
What is the remainder when 160366995 is divided by 66?
63
Calculate the remainder when 1127195004 is divided by 15.
9
What is the remainder when 4053849 is divided by 289560?
9
What is the remainder when 47384789 is divided by 69074?
25
What is the remainder when 83369276 is divided by 339?
23
What is the remainder when 4089368 is divided by 171?
74
Calculate the remainder when 49043231 is divided by 15.
11
What is the remainder when 935227 is divided by 229?
220
What is the remainder when 65750 is divided by 13013?
685
What is the remainder when 121852422 is divided by 1?
0
What is the remainder when 1359152 is divided by 37748?
224
What is the remainder when 520332533 is divided by 364?
357
Calculate the remainder when 34908475 is divided by 136.
131
What is the remainder when 115474614 is divided by 12?
6
Calculate the remainder when 678538 is divided by 168.
154
Calculate the remainder when 64040873 is divided by 4735.
4733
Calculate the remainder when 7076864 is divided by 2453.
2412
Calculate the remainder when 57363 is divided by 13.
7
What is the remainder when 50738500 is divided by 16912823?
31
Calculate the remainder when 32648225 is divided by 152.
145
Calculate the remainder when 12196983 is divided by 626.
625
What is the remainder when 4540202 is divided by 2270089?
24
Calculate the remainder when 6122863 is divided by 46.
33
Calculate the remainder when 3958 is divided by 770.
108
What is the remainder when 31588239 is divided by 13?
7
What is the remainder when 9779034 is divided by 9644?
18
Calculate the remainder when 973651 is divided by 293.
12
Calculate the remainder when 10174152 is divided by 1.
0
What is the remainder when 39946827 is divided by 74?
73
What is the remainder when 20512154 is divided by 35?
19
Calculate the remainder when 777505 is divided by 1877.
427
What is the remainder when 40122 is divided by 6507?
1080
What is the remainder when 9934717 is divided by 465?
457
Calculate the remainder when 1823533 is divided by 7793.
7764
What is the remainder when 502006 is divided by 1328?
22
Calculate the remainder when 2417620 is divided by 60.
40
What is the remainder when 63885 is divided by 136?
101
Calculate the remainder when 869021 is divided by 17735.
6
Calculate the remainder when 360054 is divided by 71956.
274
What is the remainder when 222095 is divided by 1308?
1043
What is the remainder when 12459631 is divided by 1031?
1027
What is the remainder when 15011466 is divided by 179?
168
What is the remainder when 135060 is divided by 6896?
4036
Calculate the remainder when 5083577 is divided by 4178.
3129
Calculate the remainder when 21125980 is divided by 7041966.
82
What is the remainder when 2897874 is divided by 1448921?
32
What is the remainder when 129127 is divided by 46?
5
Calculate the remainder when 335705 is divided by 83.
53
What is the remainder when 14431389 is divided by 27?
24
What is the remainder when 419575 is divided by 46615?
40
Calculate the remainder when 15645707 is divided by 539507.
4
Calculate the remainder when 12317288 is divided by 161